a factor of 11945?
True
Is 636 a multiple of 71?
False
Does 17 divide 187?
True
Is 28884 a multiple of 166?
True
Is 7 a factor of 56?
True
Is 9 a factor of 558?
True
Is 7087 a multiple of 44?
False
Is 117 a multiple of 30?
False
Does 25 divide 1768?
False
Is 14 a factor of 517?
False
Does 346 divide 13840?
True
Does 7 divide 6373?
False
Is 12 a factor of 4001?
False
Is 11078 a multiple of 21?
False
Does 96 divide 3166?
False
Is 60 a factor of 13496?
False
Is 12 a factor of 28968?
True
Is 2288 a multiple of 44?
True
Does 100 divide 29566?
False
Does 89 divide 17355?
True
Is 46294 a multiple of 15?
False
Does 3 divide 3942?
True
Is 10 a factor of 11130?
True
Does 4 divide 18195?
False
Is 24 a factor of 8808?
True
Does 43 divide 1200?
False
Is 23 a factor of 18055?
True
Is 1145 a multiple of 6?
False
Is 82 a factor of 1804?
True
Is 37 a factor of 1184?
True
Is 15000 a multiple of 47?
False
Does 204 divide 6902?
False
Is 80 a multiple of 24?
False
Is 3938 a multiple of 97?
False
Does 57 divide 11551?
False
Is 32 a factor of 6464?
True
Is 17 a factor of 6425?
False
Does 27 divide 5052?
False
Is 930 a multiple of 35?
False
Is 2016 a multiple of 96?
True
Is 163 a factor of 3375?
False
Is 13 a factor of 4348?
False
Is 29 a factor of 203?
True
Is 47 a factor of 728?
False
Is 63 even?
False
Is 11 a factor of 561?
True
Is 9 a factor of 658?
False
Is 8 a factor of 24?
True
Does 34 divide 50431?
False
Is 2 a factor of 547?
False
Is 369 a multiple of 41?
True
Is 19 a factor of 2640?
False
Is 11 a factor of 487?
False
Does 6 divide 462?
True
Is 190 a multiple of 2?
True
Does 257 divide 28527?
True
Is 11 a factor of 99?
True
Is 12 a factor of 108?
True
Is 12 a factor of 443?
False
Does 24 divide 28791?
False
Does 10 divide 1760?
True
Is 50881 a multiple of 12?
False
Is 13 a factor of 1365?
True
Does 6 divide 78?
True
Is 1053 a multiple of 27?
True
Is 72 even?
True
Is 19848 a multiple of 10?
False
Is 24948 a multiple of 126?
True
Is 11 a factor of 8442?
False
Is 12 a factor of 120?
True
Is 66006 a multiple of 193?
True
Is 876 a multiple of 5?
False
Is 13 a factor of 1290?
False
Does 17 divide 10676?
True
Is 247 a factor of 1908?
False
Does 9 divide 216?
True
Is 15 a factor of 98?
False
Is 6699 a multiple of 11?
True
Is 25 a factor of 20825?
True
Does 7 divide 455?
True
Is 1141 a multiple of 14?
False
Is 271 a multiple of 37?
False
Does 38 divide 152?
True
Is 1743 a multiple of 2?
False
Is 12 a factor of 48?
True
Is 8096 a multiple of 11?
True
Is 513 a multiple of 85?
False
Is 8414 a multiple of 12?
False
Is 26481 a multiple of 11?
False
Is 2 a factor of 37?
False
Is 3335 a multiple of 23?
True
Is 45 a factor of 2975?
False
Is 46 a factor of 4153?
False
Is 13 a factor of 75647?
True
Does 11 divide 1058?
False
Is 1337 a multiple of 2?
False
Does 15 divide 945?
True
Does 23 divide 69?
True
Does 35 divide 100030?
True
Does 29 divide 5971?
False
Is 617 a multiple of 101?
False
Does 19 divide 13438?
False
Is 2107 a multiple of 11?
False
Does 31 divide 2048?
False
Is 5 a factor of 2090?
True
Is 6063 a multiple of 43?
True
Does 10 divide 8040?
True
Does 4 divide 156?
True
Does 2 divide 758?
True
Does 5 divide 16746?
False
Does 164 divide 29520?
True
Is 48 even?
True
Is 304 a multiple of 19?
True
Is 18 a factor of 292?
False
Does 55 divide 2640?
True
Is 80 a multiple of 16?
True
Does 97 divide 127380?
False
Is 25 a factor of 1600?
True
Is 4 a factor of 1548?
True
Is 1012 a multiple of 44?
True
Is 11701 a multiple of 88?
False
Is 20265 a multiple of 105?
True
Does 64 divide 540?
False
Does 16 divide 2520?
False
Is 3 a factor of 17799?
True
Is 2958 a multiple of 174?
True
Does 13 divide 1950?
True
Does 49 divide 28469?
True
Does 143 divide 4862?
True
Is 27791 a multiple of 13?
False
Is 1117 a multiple of 57?
False
Does 17 divide 18832?
False
Is 1391 a multiple of 45?
False
Is 134 a factor of 10988?
True
Is 14 a factor of 854?
True
Does 79 divide 8216?
True
Does 9 divide 324?
True
Is 4 a factor of 5028?
True
Is 15795 a multiple of 13?
True
Is 68 a factor of 1842?
False
Is 25 a factor of 1729?
False
Is 13275 a multiple of 45?
True
Is 24 a multiple of 13?
False
Is 83148 a multiple of 26?
True
Is 78 a factor of 281?
False
Is 59944 a multiple of 261?
False
Is 11046 a multiple of 21?
True
Is 91 a factor of 52052?
True
Does 28 divide 8148?
True
Is 11 a factor of 398?
False
Does 294 divide 15582?
True
Is 23 a factor of 9647?
False
Is 17349 a multiple of 44?
False
Is 346 a multiple of 10?
False
Is 1595 a multiple of 24?
False
Is 39 a factor of 4017?
True
Does 27 divide 13014?
True
Does 11 divide 22869?
True
Is 136 a factor of 51000?
True
Does 3 divide 211?
False
Is 372 a factor of 87420?
True
Is 2 a factor of 843?
False
Is 15 a factor of 73800?
True
Is 9 a factor of 1881?
True
Is 95 even?
False
Does 38 divide 106058?
True
Is 7 a factor of 58?
False
Does 7 divide 184?
False
Is 135 a factor of 6972?
False
Does 3 divide 503?
False
Is 1226 a multiple of 56?
False
Is 4 a factor of 231?
False
Is 77 a multiple of 7?
True
Is 8 a factor of 528?
True
Is 3885 a multiple of 130?
False
Is 164 a factor of 656?
True
Does 31 divide 10230?
True
Does 6 divide 25308?
True
Is 343 a multiple of 7?
True
Does 18 divide 540?
True
Is 5102 a multiple of 17?
False
Is 217 even?
False
Is 20 a factor of 1172?
False
Does 6 divide 34764?
True
Is 31 a factor of 2139?
True
Is 69 a multiple of 69?
True
Does 12 divide 2652?
True
Does 19 divide 130502?
False
Does 57 divide 4047?
True
Does 109 divide 9204?
False
Is 29 a factor of 3196?
False
Is 50 a factor of 2500?
True
Does 7 divide 6040?
False
Is 28405 a multiple of 23?
True
Is 4998 a multiple of 21?
True
Does 4 divide 18055?
False
Does 35 divide 315?
True
Does 2 divide 276?
True
Is 13 a factor of 74263?
False
Is 11016 a multiple of 27?
True
Is 5 a factor of 10?
True
Does 3 divide 74?
False
Does 25 divide 1520?
False
Does 65 divide 1844?
False
Is 57 a factor of 14755?
False
Is 12 a factor of 37903?
False
Does 20 divide 1280?
True
Is 12 a factor of 2097?
False
Is 2 a factor of 92?
True
Is 48 a factor of 912?
True
Is 2449 a multiple of 65?
False
Is 16 a factor of 351?
False
Is 28 a factor of 6048?
True
Is 2 a factor of 420?
True
Is 14 a factor of 112?
True
Is 642 a multiple of 14?
False
Is 1169 a multiple of 15?
False
Is 49 a factor of 980?
True
Does 14 divide 4634?
True
Is 1369 a multiple of 37?
True
Does 2 divide 42?
True
Is 4010 a multiple of 11?
False
Is 657 a multiple of 73?
True
Is 43148 a multiple of 8?
False
Is 716 a multiple of 26?
False
Is 65098 a multiple of 11?
True
Does 26 divide 1742?
True
Is 1037 a multiple of 61?
True
Is 6 a factor of 11574?
True
Is 41 a factor of 2479?
False
Does 15 divide 175?
False
Is 363 a multiple of 33?
True
Is 10 a factor of 6778?
False
Is 23031 a multiple of 97?
False
Is 18736 a multiple of 16?
True
Does 203 divide 43481?
False
Is 2 a factor of 1137?
False
Is 10 a factor of 9756?
False
Is 145 a factor of 106683?
False
Is 3 a factor of 2732?
False
Does 2 divide 682?
True
Does 58 divide 6380?
True
Is 53 even?
False
Does 26 divide 14284?
False
Does 56 divide 336?
True
Does 14 divide 14812?
True
Does 10 divide 410?
True
Is 13193 a multiple of 95?
False
Does 13 divide 377?
True
Does 30 divide 4290?
True
Does 7 divide 196?
True
Is 39 a factor of 1080?
False
Is 4845 a multiple of 14?
False
Does 365 divide 45256?
False
Does 2 divide 251?
False
Is 15 a factor of 219?
False
Is 15036 a multiple of 84?
True
Is 20 a factor of 845?
False
Does 78 divide 13416?
True
Is 92 a multiple of 4?
True
Is 2204 a multiple of 38?
True
Is 47 a factor of 6157?
True
Does 7 divide 150?
False
Does 209 divide 153047?
False
Does 71 divide 36352?
True
Is 26172 a multiple of 13?
False
Is 11 a factor of 473?
True
Does 12 divide 52476?
True
Is 35311 a multiple of 5?
False
Is 4020 a multiple of 159?
False
Does 134 divide 3886?
True
Is 4402 a multiple of 20?
False
Is 1354 a multiple of 16?
False
Does 57 divide 8664?
True
Is 74 a multiple of 9?
False
Is 14032 a multiple of 45?
False
Is 2541 a multiple of 33?
True
Is 9 a factor of 1309?
False
Is 24 a factor of 1413?
False
Does 12 divide 6076?
False
Is 3684 a multiple of 25?
False
Does 13 divide 131?
False
Does 23 divide 4876?
True
Is 9 a factor of 9861?
False
Does 22 divide 132?
True
Is 11970 a multiple of 35?
Tr